**3 + 9*i**2 - 7*i + 4. Give p(6).
70
Let q(s) = s**2 + 3*s - 1. Give q(-3).
-1
Let j(w) = w**3 + 5*w**2 + 2*w. What is j(-4)?
8
Let y(o) = o**2 + 24*o - 94. Give y(4).
18
Let d(b) = b**3 - 10*b**2 - 3*b - 5. Give d(10).
-35
Let u(a) = -a - 22. Calculate u(-16).
-6
Let v(m) = -3*m - 47. What is v(-15)?
-2
Let r(o) = o**3 - 2*o**2 - o + 1. Calculate r(-1).
-1
Let m(i) = -2*i**3 + 15*i**2 + 7*i + 16. Give m(8).
8
Let t(m) = m**2 + 8*m - 19. Give t(-9).
-10
Let t(p) = 94*p - 377. What is t(4)?
-1
Let u(x) = x**3 - 7*x**2 + 5*x + 9. Calculate u(6).
3
Let n(q) = 4*q**2 + 5*q + 2. Calculate n(-3).
23
Let o(b) = 5*b + 6. Give o(0).
6
Let t(b) = b + 14. Determine t(10).
24
Let k(f) = 21*f - 1. Determine k(-1).
-22
Let d(q) = q. Give d(2).
2
Let w(m) = 2*m**3 + 21*m**2 - 7*m + 26. Give w(-11).
-18
Let y(o) = -4*o + 21. Determine y(6).
-3
Let d(x) = x**2 + 2*x + 1. Give d(4).
25
Let y(l) = -l**3 + 39*l**2 - 36*l - 71. What is y(38)?
5
Let u(x) = 41*x**3 - 2*x**2 + 2. What is u(-1)?
-41
Let g(s) = -12*s**2 - 179*s + 22. What is g(-15)?
7
Let q(y) = -4*y - 57. Calculate q(3).
-69
Let p(i) = i**3 - 19*i**2 + 87*i + 24. Calculate p(9).
-3
Let k(z) = -6*z**2 + 3*z - 1. Calculate k(1).
-4
Let v(k) = k**3 - 7*k**2 + 5*k - 12. Give v(7).
23
Let d(t) = -t**3 + 6*t**2 - 2*t + 56. Determine d(7).
-7
Let w(x) = -2*x - 1. Determine w(10).
-21
Let w(g) = -g**2 + 10*g + 9. Calculate w(6).
33
Let v(q) = -3*q - 20. Give v(-10).
10
Let n(p) = p**3 + 5*p**2 - 11*p - 9. What is n(-6)?
21
Let i(n) = 2*n**3 + 6*n**2 + 5*n + 3. Give i(-4).
-49
Let x(f) = -5*f - 96. Calculate x(-18).
-6
Let u(k) = k**3 - 6*k**2 + 5*k + 17. What is u(4)?
5
Let x(q) = -6*q**2 - 3*q + 2. Calculate x(1).
-7
Let x(y) = y**2 - 11*y - 2. Determine x(11).
-2
Let a(z) = z**2 + 4*z - 6. Determine a(-5).
-1
Let j(l) = 2*l**2 + 122*l + 230. Calculate j(-59).
-6
Let g(p) = p**3 - 32*p**2 - 35*p + 65. What is g(33)?
-1
Let w(q) = q**3 - 10*q**2 + 10*q - 16. Calculate w(9).
-7
Let n(h) = -2*h**2 - 8*h + 1. Give n(-5).
-9
Let a(m) = -m**3 + 6*m**2. Give a(6).
0
Let v(o) = -15*o + 1. Give v(1).
-14
Let y(m) = m**2 - 12*m + 1. What is y(8)?
-31
Let w(n) = n + 30. Determine w(-19).
11
Let n(u) = 3*u - 11. Determine n(5).
4
Let k(r) = r**3 - 17*r**2 + 18*r - 38. Calculate k(16).
-6
Let c(j) = j**3 + 7*j**2 - 12*j + 47. Give c(-9).
-7
Let l(d) = -3*d**2 + 24*d - 7. Determine l(6).
29
Let n(d) = -d**3 + 7*d**2 + 15*d - 39. Determine n(8).
17
Let p(y) = 9*y + 163. Determine p(-20).
-17
Let j(g) = -g**3 - 5*g**2 + 3*g - 4. What is j(-6)?
14
Let n(s) = -22*s**2 + 3*s + 2. Calculate n(-1).
-23
Let w(h) = -h**2 - 27*h - 139. What is w(-8)?
13
Let y(r) = -2*r**3 + 55*r**2 + 92*r - 151. Calculate y(29).
-6
Let p(j) = -13*j + 76. What is p(6)?
-2
Let w(i) = -i**3 - 4*i**2 + 33*i + 13. Give w(-8).
5
Let v(z) = -z**3 - 10*z**2 - 11*z + 4. What is v(-9)?
22
Let g(l) = 5*l**3 + l - 10. Determine g(3).
128
Let q(g) = -3*g + 7. What is q(4)?
-5
Let i(t) = -t**3 - 16*t**2 - 32*t - 65. Give i(-14).
-9
Let o(j) = j**3 - 2*j**2 + 4. Determine o(4).
36
Let c(d) = d**3 - 7*d**2 - 2*d + 13. Determine c(6).
-35
Let g(u) = u**2 + u - 2. Give g(1).
0
Let x(h) = h**3 + 13*h**2 + 3*h - 4. Determine x(-13).
-43
Let b(s) = -s**3 + 6*s**2 + 3*s - 6. Calculate b(6).
12
Let k(p) = 19*p + 34. Calculate k(-3).
-23
Let d(q) = -6*q**3 + q**2 - 2*q. Determine d(1).
-7
Let z(y) = 11*y - 9. Determine z(-4).
-53
Let h(n) = n**3 + 14*n**2 - 12*n + 17. Give h(-15).
-28
Let l(z) = 2*z**3 - 12*z**2 - 3*z + 21. Give l(6).
3
Let c(g) = 22*g + 279. What is c(-13)?
-7
Let q(y) = 4*y - 2. What is q(0)?
-2
Let q(r) = -r**2 - 7*r + 67. What is q(-15)?
-53
Let s(i) = 38*i - 158. Determine s(4).
-6
Let a(l) = l**2 - 20*l + 48. Calculate a(4).
-16
Let z(s) = -2*s**2 + 3*s - 7. Determine z(5).
-42
Let w(l) = 9*l**2 - 53*l - 3. Calculate w(6).
3
Let z(m) = 12*m**2 - 5*m - 1. Determine z(-1).
16
Let o(i) = -3*i + 8. Determine o(4).
-4
Let h(d) = -d**2 + 26*d - 122. What is h(7)?
11
Let t(g) = g**3 - 11*g**2 - 4*g + 38. Determine t(11).
-6
Let q(k) = k**3 + 39*k**2 - 224*k - 186. What is q(-44)?
-10
Let w(y) = y - 23. Give w(19).
-4
Let o(h) = -h**3 - 7*h**2 + 6*h - 18. Calculate o(-8).
-2
Let y(z) = z**3 - 26*z**2 - 26*z - 35. Determine y(27).
-8
Let f(r) = 14*r + 6. What is f(-1)?
-8
Let h(u) = 4*u + 10. Calculate h(-1).
6
Let f(i) = i**3 - i - 2. What is f(0)?
-2
Let q(x) = x**3 - 11*x**2 - 3*x - 19. Give q(11).
-52
Let y(i) = 2*i**2 - 22*i + 33. Calculate y(10).
13
Let o(n) = -38*n - 148. What is o(-4)?
4
Let h(u) = -2*u**2 + 23*u - 23. Give h(10).
7
Let b(r) = -r**3 - 2*r**2 - r - 4. What is b(-3)?
8
Let c(m) = -6*m + 22. Determine c(13).
-56
Let o(n) = 51*n**2 - 7*n + 5. Give o(1).
49
Let j(w) = 3*w - 61. What is j(18)?
-7
Let b(f) = f**2 - 14*f + 18. Give b(13).
5
Let m(z) = -2*z + 38. Give m(14).
10
Let i(v) = -v**2 + 12*v + 26. What is i(14)?
-2
Let g(y) = -2*y - 5. What is g(10)?
-25
Let f(s) = -s**3 + 4*s**2 - 5*s + 6. Calculate f(4).
-14
Let p(x) = -x**3 - 13*x**2 + 17*x + 5. Give p(-14).
-37
Let i(j) = -j**2 + 7*j + 10. Determine i(7).
10
Let o(z) = -5*z + 60. What is o(12)?
0
Let z(f) = -15*f + 2. Determine z(-1).
17
Let i(v) = -3*v + 19. Calculate i(10).
-11
Let q(g) = -2*g + 21. Calculate q(10).
1
Let f(l) = 3*l + 18. Determine f(-12).
-18
Let n(r) = -4*r - 1. Give n(-9).
35
Let y(z) = -z**3 + 8*z**2 - 7*z + 8. What is y(7)?
8
Let v(j) = 10*j**2 - 10*j - 16. Determine v(-2).
44
Let j(g) = -2*g**2 - 12*g + 21. What is j(-7)?
7
Let s(t) = -t**3 - 7*t**2 - 7*t - 5. Determine s(-6).
1
Let l(q) = 5*q**2 - 124*q - 16. Determine l(25).
9
Let t(l) = -l - 17. What is t(-20)?
3
Let p(s) = -s**2 - 2*s - 4. What is p(-4)?
-12
Let j(v) = 2*v**3 + 3*v**2 - 2*v - 7. Determine j(-3).
-28
Let v(z) = z**3 - 2*z + 12. Calculate v(0).
12
Let i(t) = 7*t + 102. What is i(-15)?
-3
Let j(x) = x + 8. Calculate j(-5).
3
Let v(q) = q**3 - 10*q**2 + 3*q - 12. Give v(10).
18
Let i(p) = 34*p**3 - 2*p**2 + p + 2. Calculate i(-1).
-35
Let h(r) = 2*r + 4. Calculate h(2).
8
Let w(q) = 12*q - 13. Calculate w(4).
35
Let j(t) = -t**3 - 6*t**2 + 6*t - 4. What is j(-7)?
3
Let v(a) = a**2 + a - 42. What is v(0)?
-42
Let c(b) = -b**2 + 13*b - 21. What is c(10)?
9
Let h(a) = -a + 13. Determine h(-6).
19
Let f(y) = 8*y + 133. Give f(-21).
-35
Let a(q) = -3*q - 5. Determine a(-12).
31
Let h(q) = -q**2 - 3*q + 11. What is h(0)?
11
Let d(i) = 2*i**2 + 62*i - 138. Determine d(-33).
-6
Let p(a) = a**3 - 12*a**2 + 2*a - 10. Give p(12).
14
Let f(l) = -5*l - 2. Determine f(-6).
28
Let o(l) = -6*l - 85. Determine o(-15).
5
Let r(s) = 3*s**2 + 9*s - 1. What is r(-4)?
11
Let o(l) = 23*l**3 - l**2 - 3*l - 1. Determine o(-1).
-22
Let g(v) = 6*v + 20. Calculate g(-6).
-16
Let k(a) = -a**2 - 24*a - 64. Give k(-21).
-1
Let m(n) = 2*n**2 - 17*n + 39. Determine m(6).
9
Let u(m) = 14*m**2 + 3*m + 3. Give u(-1).
14
Let t(o) = 48*o**2 + o - 4. Give t(2).
190
Let i(h) = -h**2 - h - 35. Give i(0).
-35
Let v(l) = 6*l + 2. Give v(-2).
-10
Let l(m) = m**3 - 7*m**2 - 20*m + 22. What is l(9)?
4
Let s(q) = 10*q - 2. What is s(1)?
8
Let x(l) = -l**3 + 7*l**2 + 3. What is x(7)?
3
Let j(k) = 10*k - 27. Determine j(2).
-7
Let r(u) = -7*u**2 - 22*u - 15. Calculate r(-2).
1
Let u(x) = -39*x + 4. Calculate u(-1).
43
Let u(z) = z**2 + 6*z + 10. Calculate u(-7).
17
Let d(w) = -5*w + 18. Determine d(5).
-7
Let n(c) = -c**2 + 13*c - 6. Give n(6).
36
Let j(k) = k**2 + 20*k + 104. What is j(-11)?
5
Let i(a) = -2*a**2 + 35*a - 2. What is i(17)?
15
Let v(f) = f**3 - 8*f**2 + 9*f - 2. Give v(7).
12
Let n(v) = 5*v - 9. Calculate n(1).
-4
Let i(u) = u - 4. Calculate i(-6).
-10
Let p(s) = -6*s + 49. What is p(6)?
13
Let u(y) = 4*y + 5. Calculate u(-3).
-7
Let k(s) = -s**3 + 26*s**2 - 24*s - 27. Give k(25).
-2
Let g(c) = -c**3 - 32*c**2 - 90*c - 77. Determine g(-29).
10
Let w(i) = 4*i + 2. Calculate w(4).
18
Let v(f) = -27*f - 121. Calculate v(-8).
95
Let z(h) = -2*h**3 + 8*h**2 - 9*h + 16. Give z(3).
7
Let h(j) = 141*j**2 + 4*j. Calculate h(1).
145
Let h(l) = -l**3 - 7*l**2 + 26*l - 6. Give h(-8).
-150
Let t(x) = -x**3 - 5*x**2 - 5*x - 1. Determine t(-4).
3
Let s(r) = -r**3 + 7*r**2 + 4*r - 6. Give s(8).
-38
Let u(r) = r**2 + 7*r + 10. Give u(-4).
-2
Let s(w) = 6*w**2 - 23*w - 7. Calculate s(6).
71
Let r(x) = -4*x**2 + 13*x - 19. Give r(4)